1) + -21 + 10?
-11
7 - (-16 - -12) - -7 - -9
27
15 - (0 + (9 - 4))
10
Calculate 11 + 10 + -6 + -7 + 3.
11
Evaluate (-4 - (-8 - -4)) + -32 + 47.
15
What is the value of 27 + (11 - (13 + -16) - 26)?
15
-7 - (8 + (-13 - -12 - (3 + 2)))
-9
Calculate -1 - -6 - (-5 + 14 + 9).
-13
What is (16 - 0) + (-32 - -21)?
5
What is (-1 - -2 - 2) + 65 + -62?
2
What is the value of -16 + (77 - 82 - (-1 + 8))?
-28
Calculate -3 - ((12 - 6) + 4 + (8 - 17)).
-4
What is 2 - (-9 - -18 - 14) - (1 - 6)?
12
Calculate (-2 - (6 + 6 + -7)) + 0 + 9.
2
Calculate 12 + -12 + 12 - (1 + 1 + -5).
15
What is 21 + 2 + -21 + 11?
13
Evaluate 9 - (0 - -9 - (12 + -3)).
9
Evaluate (-1 - -4) + 0 + 9 + 10.
22
8 - (-3 - (6 + -15))
2
20 + -23 + -2 + -1 - (2 + -19)
11
Evaluate 0 + -11 + -58 + 80.
11
What is (85 + -99 - (-2 - 40)) + -12?
16
What is 16 - ((-17 - (-13 + 8)) + 17)?
11
Evaluate -91 + 115 + (0 - (7 + 2)).
15
What is the value of 4 - (8 - (-25 - -11 - -10))?
-8
Calculate -43 - -27 - (0 - 15).
-1
What is the value of 17 - ((5 - 13) + 24)?
1
Calculate 31 + -27 + (-9 - -1) + 1.
-3
Evaluate (-3 - -9 - (19 - (-9 + 31))) + 10.
19
What is the value of -15 + (18 - (8 + 17))?
-22
Evaluate 7 - (-3 - (0 + -3 - 0)).
7
1 - (0 - -24 - -10) - (-6 + -1)
-26
-47 + 22 + 45 - 0
20
Calculate 2 + (0 - (-3 - 0)) + 2 - 9.
-2
Calculate 23 - 24 - (24 - 59).
34
-1 + 8 + 3 + 4 + -27 + 17
4
Evaluate (-513 - -503 - (1 + -6 - 1)) + 12.
8
Calculate -17 - (-8 + -7 + 12 + -1).
-13
Calculate 0 - (-1 + (-3 - -13)).
-9
Calculate -2 - -29 - (475 - 425).
-23
What is 13 + (-9 - (-4 - (9 + -4)))?
13
What is -50 + 23 - (3 - 33)?
3
11 - -3 - 10 - (-5 - -22)
-13
What is (3 + 14 - 22) + (1 + 0 - 11)?
-15
Calculate (7 - 14 - (-2 - 4 - -5)) + 24.
18
Evaluate (-1 + 1 - -26) + (2157 - 2168).
15
Evaluate -2 + 2 - (-8 - 12 - -19).
1
0 + -7 + 15 + -4
4
What is the value of 8 - 8 - (-9 + 8) - 8?
-7
What is the value of (21 - 30 - 7) + 5 + -1?
-12
Evaluate 52 + -51 + (-2 - -10).
9
-5 - (-13 + (-1 - -6) - 13)
16
What is the value of (-10 + -9 - -11) + 9?
1
What is -2 - -7 - (-21 + 26)?
0
What is the value of -18 - (-36 - (6 + -13 - -15))?
26
What is the value of 5 + -28 + 15 + (4 - 1)?
-5
1 + -3 + -2 + 3 - -12
11
What is the value of 0 + -4 - (-7 + (30 - 9)) - -8?
-10
What is (-1 - -1) + (59 - 64) + -20 + 1?
-24
What is the value of (0 - 21) + -21 + 42?
0
9 + -7 - 4 - (1 - 8)
5
Evaluate 18 + (1 - 1) - 15.
3
What is 46 - 35 - -33 - 7?
37
What is the value of -3 + 13 + -4 - -3 - 1 - -22?
30
-17 - (-9 + (-1 - 0 - (-46 - -40)))
-13
(-15 - -10) + (-3 - (5 - -7)) - -9
-11
Calculate (1 - 12 - -7 - (0 - 18)) + -3.
11
What is -3 + (-1 - 3) + (38 - 28)?
3
Evaluate (-2 - (-13 + 3 - -4)) + (24 - 22).
6
Evaluate (-6 - 10) + 5 - (-6 - -4).
-9
Evaluate 12 + -2 - -7 - 35.
-18
Calculate (13 - 29) + -12 + 6.
-22
What is the value of -7 - -17 - (-3 - (1 + -6 + 4))?
12
Calculate 4 - (-1 - (5 + 0) - -5) - -7.
12
What is 24 - (-22 - 6 - -28)?
24
What is 0 + 6 + 2 + 3 + -712 + 664?
-37
Calculate 5 + (4 - (-7 - -15)) + 22 - 3.
20
Evaluate -55 + (-28 - (-70 + 17)).
-30
What is the value of 6 + (-1 - 6) + (-1 - (4 + 1))?
-7
Evaluate 42 + -32 - (-1 + 1).
10
Evaluate -5 - (-12 + 8 - -12).
-13
Calculate -24 + (6 - 9) + 14.
-13
0 - 11 - (-1 - -1 - 8)
-3
What is 6 + -3 + 3 + -7 + (-22 - -15)?
-8
Evaluate (-13 + 16 - -5) + -12 - 10.
-14
What is the value of -1 - -10 - (-15 + -14 + 16)?
22
20 + (23 - 37 - 3)
3
Calculate (-2 - 1) + (-15 - -26) - 9.
-1
Evaluate -5 + 16 - ((2 - -3) + (0 - -29)).
-23
9 + -3 + -10 - 4
-8
Calculate -4 + 9 - 10 - 2.
-7
What is the value of 11 - 7 - ((-6 - -4) + -1 + -15)?
22
Calculate 4 + 12 + -24 + (0 - -3 - 9).
-14
14 + (9 - 9 - -3)
17
What is 24 + (27 + -29 - 6)?
16
-1 + -3 + (-117 - -132)
11
What is -19 - -13 - ((5 - -6) + -5)?
-12
What is the value of -36 - (-16 + -19) - (12 - -1)?
-14
Calculate -3 + -6 - (-65 - -66).
-10
What is the value of (-4 + 3 - (3 + -4)) + 4?
4
Calculate 51 + -43 - (-5 + 0 + 4 + -5).
14
What is -6 + 11 - (15 - 4)?
-6
Calculate -25 + 31 + (11 + -6 - 5).
6
Calculate 6 + (-16 - -12) + 6.
8
What is the value of (-360 + 355 - (1 - (-1 + 0))) + -1?
-8
Calculate 4 + (-4 - 36) - (-3 - 9).
-24
Evaluate 0 + -3 + 2 + (81 - 77).
3
-9 + (5 - ((4 + -3 - -2) + 3))
-10
What is the value of 2 + (-66 - -58) - (0 + -1 + -5)?
0
What is the value of -31 - -34 - ((0 - -2) + 0 + 0)?
1
What is the value of -5 + 20 + (-55 - -27)?
-13
What is -35 - ((-6 - -27) + -63)?
7
-12 - ((5 - 16) + -19)
18
Evaluate (9 - (-10 - -27)) + 0 + -2.
-10
Evaluate (12 + -28 - -10) + -9.
-15
-11 + (-1 - -1 - (-8 + 6))
-9
Calculate (20 - (5 - -15)) + 7.
7
What is 2 - -2 - (19 - 18)?
3
Evaluate (-3 - (-2 + -2)) + -6 + (10 - 11).
-6
What is the value of -9 + 4 + 9 + (-4 - -1) + -6?
-5
What is 7 + 3 - 8 - 5 - -14?
11
What is (-84 - -72) + 1 + 12?
1
Calculate -8 - (-25 - (19 - 23)).
13
0 - (6 - (-3 - -30)) - (-54 + 44)
31
What is 13 - (3 + 1) - (7 - 4)?
6
What is the value of (-11 - 5 - -7) + 9?
0
5 + (14 + -4 - (9 - 2))
8
What is the value of -28 + (28 - 34) + 5?
-29
6 - 3 - (-25 - -25)
3
What is ((-6 - -15) + -13 - 2) + 7 - 18?
-17
What is the value of -10 - ((-3 - 1) + 31 + -27)?
-10
What is the value of (-1 + 14 - -3) + -8 + (3 - 3)?
8
Calculate -2 - -15 - (167 - 149).
-5
Calculate 4 + (-9 - -3) + -6 + -4.
-12
Evaluate 4 + -2 + 12 + (-4 - (10 - 7)).
7
Evaluate (20 + -31 - (-9 - 0)) + (0 - 1).
-3
What is the value of (0 - -3) + 19 + (8 + 24 - 25)?
29
20 + (-37 - (1 + -29))
11
What is the value of (-4 - -7) + 0 - (-9 + 6 - -31)?
-25
Calculate 50 + (-24 - (-4 + 11)).
19
7 + 1 + (10 - ((-7 - -11) + 2))
12
What is 8 + (-16 - (-9 + -5))?
6
What is -6 - (-23 + 0 + 37)?
-20
What is -17 + (18 - 11 - ((-1 - -6) + -6))?
-9
Evaluate (4 - (-1 + -10)) + -148 + 133.
0
Calculate 7 + (12 - (-12 + 26)) - -15.
20
What is the value of (4 + -1 - -2) + -27 + (14 - -12)?
4
What is 8 - (-24 + 14 - -28)?
-10
Evaluate (-37 - -23) + 8 + (13 - 3).
4
(7 - 15) + -2 - (-1 + -6) - 8
-11
What is the value of 11 + (-7 - -8) - 1?
11
11 - -1 - (41 + -22)
-7
Evaluate 6 - ((81 - 71) + -21 + 2 + 11).
4
What is -22 + -2 + (1 - -21)?
-2
Evaluate -1 - (2 - 0) - (-23 - (-34 - -1)).
-13
-10 - (12 - (3 - -5))
-14
What is -8 - (18 - (52 + -23))?
3
Evaluate 1 + -8 - -22 - (8 + 30).
-23
What is 2 + 7 - (-7 + 20) - (2 - 10)?
4
What is the value of (312 - 345) + 32 + -1?
-2
Evaluate -9 - ((0 - 3) + -31 + 39).
-14
Calculate -31 + (-40 - -77) - (1 - 1 - 1).
7
Calculate 0 - (19 + -23 + 15).
-11
What is 25 + (-12 - (11 + -5 + -13))?
20
(12 - 24 - -18) + (-20 - -6)
-8
Calculate 710 - 701 - (-2 - -1 - -14).
-4
What is 9 + (-8 - (-1 - -1))?
1
Calculate 3 - (-10 + 3 + -1) - 12.
-1
What is (-25 - -20 - (-4 + 6)) + 4?
-3
(26 - (27 + -28)) + (0 - 13)
14
-1 + -3 - 27 - -30
-1
17 - ((30 - 10) + -10)
7
What is -40 - (-27 - 22 - -26)?
-17
Calculate 239 + -254 + (3 - (-4 + 0)).
-8
-6 + (-5 - (-1 - ((7 - -1) + -7)))
-9
What is the value of -1 - -1 - (-3 + 4 + -7)?
6
What is 12 - (22 + -12 - -13)?
-11
What is the value of -1 + -1 + (11 - 7 - -4 - 5)?
1
Evaluate (62 - (84 - 38)) + (-1 - 9).
6
What is the value of ((1 - 2) + 1 - -7) + (1112 - 1110)?
9
Calculate 27 - (-5 - (-52 + 22)).
2
Calculate (1 + -5 - -4) + (4 - (1 - -5)).
-2
(296 - 280) + -12 + 2 - (-14 + -2)
22
What is the value of (-3 + 1 - -3) + -4 + 14?
11
-10 - (9 - (6 - 4)) - -9
-8
Calculate 38 + (11 - 19) + (-20 - -6).
16
Calculate 14 + 33 + -73 + (8 - 1).
-19
What is the value of -8 - (13 - (16 + -29 - -7))?
-27
Calculate 11 - (8 - 0) - -2 - (2 + 6).
-3
What is the value of -20 + -33 - (9 - 29)?
-33
Evaluate 3 + 3 - (17 - 25) - 9.
5
-13 - (-15 + (23 - 11))
-10
-1 + (42 + -34 - (0 - 1 - -4))
4
What is (-8 - (7 - 30)) + -1?
14
Evaluate -7 + -1 + -6 + (2 - -3).
-9
-4 + (14 - 11) + 11
10
What is the value of 9 - 16 - (-19 - -12)?
0
Calculate (0 + 4 - -10 - 11) + -14.
-11
What is the value of -169 + 197 + -7 + -2?
19
Evaluate -7 - 1 - (18 - (48 + (3 - 13))).
12
Calculate 2 + (-19 - (-1 + -2 + 6 - 4)).
-16
What is the value of 9 - (-10 + (19 - -4)) - -1?
-3
What is 7 + (37 + -64 - -14)?
-6
Evaluate 0 - -1 - (19 - 17).
-1
What is -8 + 4 + -8 + 6 + 10?
4
5 + ((2 - -9) + -30 - -8)
-6
Evaluate -24 + 25 - (15 - 16).
2
What is the value of (36 - 10) + 7 - 41?
-8
Evaluate -9 + -12 - (11 + -14).
-18
Calculate (25 - 4) + (-46 - -38).
13
What is the value of (1 - (-2 - -5)) 